{"id":134,"date":"2023-09-27T10:53:32","date_gmt":"2023-09-27T08:53:32","guid":{"rendered":"https:\/\/www.estran-brest.fr\/sup\/?post_type=formations&#038;p=134"},"modified":"2025-11-19T12:40:02","modified_gmt":"2025-11-19T11:40:02","slug":"de-tisf","status":"publish","type":"formations","link":"https:\/\/www.estran-brest.fr\/sup\/formation\/de-tisf\/","title":{"rendered":"DE TISF"},"content":{"rendered":"\n<p><\/p>\n\n\n\n<h2 class=\"wp-block-heading has-text-align-center\"><sup>Le contenu de la<\/sup> <br>formation DE TISF<\/h2>\n\n\n\n<div class=\"wp-block-columns is-layout-flex wp-container-core-columns-is-layout-9d6595d7 wp-block-columns-is-layout-flex\">\n<div class=\"wp-block-column is-layout-flow wp-block-column-is-layout-flow\">\n<figure class=\"wp-block-table is-style-stripes\"><table><tbody><tr><td class=\"has-text-align-center\" data-align=\"center\" colspan=\"3\"><strong>Enseignements th\u00e9oriques<\/strong><\/td><\/tr><tr><td class=\"has-text-align-center\" data-align=\"center\">Bloc 1<\/td><td class=\"has-text-align-center\" data-align=\"center\">Contribuer \u00e0 l&rsquo;accompagnement socio-\u00e9ducatif dans une logique de parcours<\/td><td class=\"has-text-align-center\" data-align=\"center\">420 h<\/td><\/tr><tr><td class=\"has-text-align-center\" data-align=\"center\">Bloc 2<\/td><td class=\"has-text-align-center\" data-align=\"center\">Accompagner le(s) parent(s) ou futur(s) parent(s) dans l&rsquo;exercice de la fonction parentale<\/td><td class=\"has-text-align-center\" data-align=\"center\">380 h<\/td><\/tr><tr><td class=\"has-text-align-center\" data-align=\"center\">Bloc 3<\/td><td class=\"has-text-align-center\" data-align=\"center\">S&rsquo;inscrire dans un travail d&rsquo;\u00e9quipe et partenarial pour assurer la continuit\u00e9 des accompagnements dans une logique de parcours<\/td><td class=\"has-text-align-center\" data-align=\"center\">150h<\/td><\/tr><\/tbody><\/table><\/figure>\n\n\n\n<figure class=\"wp-block-image size-large\"><img loading=\"lazy\" decoding=\"async\" width=\"1024\" height=\"768\" src=\"https:\/\/www.estran-brest.fr\/sup\/wp-content\/uploads\/sites\/7\/2024\/11\/IMG_3583-1-1024x768.jpeg\" alt=\"\" class=\"wp-image-20616\" title=\"\" srcset=\"https:\/\/www.estran-brest.fr\/sup\/wp-content\/uploads\/sites\/7\/2024\/11\/IMG_3583-1-1024x768.jpeg 1024w, https:\/\/www.estran-brest.fr\/sup\/wp-content\/uploads\/sites\/7\/2024\/11\/IMG_3583-1-300x225.jpeg 300w, https:\/\/www.estran-brest.fr\/sup\/wp-content\/uploads\/sites\/7\/2024\/11\/IMG_3583-1-768x576.jpeg 768w, https:\/\/www.estran-brest.fr\/sup\/wp-content\/uploads\/sites\/7\/2024\/11\/IMG_3583-1-1536x1152.jpeg 1536w, https:\/\/www.estran-brest.fr\/sup\/wp-content\/uploads\/sites\/7\/2024\/11\/IMG_3583-1-2048x1536.jpeg 2048w, https:\/\/www.estran-brest.fr\/sup\/wp-content\/uploads\/sites\/7\/2024\/11\/IMG_3583-1-600x450.jpeg 600w\" sizes=\"auto, (max-width: 1024px) 100vw, 1024px\" \/><\/figure>\n\n\n\n<figure class=\"wp-block-embed is-type-video is-provider-youtube wp-block-embed-youtube wp-embed-aspect-4-3 wp-has-aspect-ratio\"><div class=\"wp-block-embed__wrapper\">\n<iframe loading=\"lazy\" title=\"DE TISF - Technicien de l&#039;Intervention Sociale et Familiale\" width=\"500\" height=\"375\" src=\"https:\/\/www.youtube.com\/embed\/iqAGu3lWbeo?list=PLjJZbwnu1r2feYjUYHVLMr0fb2OKp08E8\" frameborder=\"0\" allow=\"accelerometer; autoplay; clipboard-write; encrypted-media; gyroscope; picture-in-picture; web-share\" referrerpolicy=\"strict-origin-when-cross-origin\" allowfullscreen><\/iframe>\n<\/div><\/figure>\n<\/div>\n\n\n\n<div class=\"wp-block-column is-layout-flow wp-block-column-is-layout-flow\">\n<figure class=\"wp-block-image size-large\"><img loading=\"lazy\" decoding=\"async\" width=\"768\" height=\"1024\" src=\"https:\/\/www.estran-brest.fr\/sup\/wp-content\/uploads\/sites\/7\/2024\/11\/20230405_093846-2-768x1024.jpg\" alt=\"\" class=\"wp-image-20617\" title=\"\" srcset=\"https:\/\/www.estran-brest.fr\/sup\/wp-content\/uploads\/sites\/7\/2024\/11\/20230405_093846-2-768x1024.jpg 768w, https:\/\/www.estran-brest.fr\/sup\/wp-content\/uploads\/sites\/7\/2024\/11\/20230405_093846-2-225x300.jpg 225w, https:\/\/www.estran-brest.fr\/sup\/wp-content\/uploads\/sites\/7\/2024\/11\/20230405_093846-2-1152x1536.jpg 1152w, https:\/\/www.estran-brest.fr\/sup\/wp-content\/uploads\/sites\/7\/2024\/11\/20230405_093846-2-scaled.jpg 1920w\" sizes=\"auto, (max-width: 768px) 100vw, 768px\" \/><\/figure>\n\n\n\n<p>La formation DE TISF dure <strong>2 ans<\/strong> avec de nombreuses interventions d&rsquo;associations, de professionnels.<\/p>\n\n\n\n<ul class=\"wp-block-list\">\n<li>950h de formation th\u00e9orique<\/li>\n\n\n\n<li>1050h de formation pratique<\/li>\n<\/ul>\n\n\n\n<p><strong>Alternance : <\/strong>33 semaines en centre de formation et 30 semaines de stage.<\/p>\n\n\n\n<p>La formation DE TISF est accessible <strong>en formation initiale, en formation continue<\/strong> et <strong>par apprentissage<\/strong>.\u00a0<\/p>\n\n\n\n<p>Nos partenaires d&rsquo;apprentissage pour cette formation sont l\u2019<a href=\"https:\/\/www.arfass.org\/\" target=\"_blank\" rel=\"noopener\">Arfass<\/a> et l&rsquo;<a href=\"https:\/\/www.arep29.fr\/\" target=\"_blank\" rel=\"noopener\">AREP29<\/a>.<\/p>\n\n\n\n<div class=\"wp-block-columns is-layout-flex wp-container-core-columns-is-layout-9d6595d7 wp-block-columns-is-layout-flex\">\n<div class=\"wp-block-column is-layout-flow wp-block-column-is-layout-flow\">\n<figure class=\"wp-block-image size-large is-resized\"><img loading=\"lazy\" decoding=\"async\" width=\"1024\" height=\"183\" src=\"https:\/\/www.estran-brest.fr\/sup\/wp-content\/uploads\/sites\/7\/2023\/09\/602a6db9b92f9_upload-removebg-preview-1024x183.png\" alt=\"\" class=\"wp-image-20443\" style=\"width:190px;height:auto\" title=\"\" srcset=\"https:\/\/www.estran-brest.fr\/sup\/wp-content\/uploads\/sites\/7\/2023\/09\/602a6db9b92f9_upload-removebg-preview-1024x183.png 1024w, https:\/\/www.estran-brest.fr\/sup\/wp-content\/uploads\/sites\/7\/2023\/09\/602a6db9b92f9_upload-removebg-preview-300x54.png 300w, https:\/\/www.estran-brest.fr\/sup\/wp-content\/uploads\/sites\/7\/2023\/09\/602a6db9b92f9_upload-removebg-preview-768x137.png 768w, https:\/\/www.estran-brest.fr\/sup\/wp-content\/uploads\/sites\/7\/2023\/09\/602a6db9b92f9_upload-removebg-preview-600x107.png 600w, https:\/\/www.estran-brest.fr\/sup\/wp-content\/uploads\/sites\/7\/2023\/09\/602a6db9b92f9_upload-removebg-preview.png 1181w\" sizes=\"auto, (max-width: 1024px) 100vw, 1024px\" \/><\/figure>\n<\/div>\n\n\n\n<div class=\"wp-block-column is-layout-flow wp-block-column-is-layout-flow\">\n<figure class=\"wp-block-image size-full is-resized\"><img loading=\"lazy\" decoding=\"async\" width=\"268\" height=\"123\" src=\"https:\/\/www.estran-brest.fr\/sup\/wp-content\/uploads\/sites\/7\/2023\/09\/Logo-ARFASS.png\" alt=\"\" class=\"wp-image-20039\" style=\"width:163px;height:auto\" title=\"\"><\/figure>\n<\/div>\n<\/div>\n<\/div>\n<\/div>\n","protected":false},"excerpt":{"rendered":"<p>Cette formation professionnelle pr\u00e9pare les \u00e9tudiants \u00e0 travailler aupr\u00e8s des familles en difficult\u00e9. Cette formation leur enseigne les diff\u00e9rentes techniques d&rsquo;intervention sociale pour accompagner les familles dans leurs probl\u00e9matiques quotidiennes. <\/p>\n","protected":false},"author":1,"featured_media":0,"comment_status":"closed","ping_status":"closed","template":"","meta":{"_acf_changed":false,"inline_featured_image":false,"_monsterinsights_skip_tracking":false,"_monsterinsights_sitenote_active":false,"_monsterinsights_sitenote_note":"","_monsterinsights_sitenote_category":0,"_uf_show_specific_survey":0,"_uf_disable_surveys":false,"footnotes":""},"categories":[34,36],"cat-formations":[7],"class_list":["post-134","formations","type-formations","status-publish","hentry","category-de-tisf","category-fenelon","cat-formations-technicien-de-lintervention-sociale-et-familiale"],"acf":[],"_links":{"self":[{"href":"https:\/\/www.estran-brest.fr\/sup\/wp-json\/wp\/v2\/formations\/134","targetHints":{"allow":["GET"]}}],"collection":[{"href":"https:\/\/www.estran-brest.fr\/sup\/wp-json\/wp\/v2\/formations"}],"about":[{"href":"https:\/\/www.estran-brest.fr\/sup\/wp-json\/wp\/v2\/types\/formations"}],"author":[{"embeddable":true,"href":"https:\/\/www.estran-brest.fr\/sup\/wp-json\/wp\/v2\/users\/1"}],"replies":[{"embeddable":true,"href":"https:\/\/www.estran-brest.fr\/sup\/wp-json\/wp\/v2\/comments?post=134"}],"version-history":[{"count":98,"href":"https:\/\/www.estran-brest.fr\/sup\/wp-json\/wp\/v2\/formations\/134\/revisions"}],"predecessor-version":[{"id":21220,"href":"https:\/\/www.estran-brest.fr\/sup\/wp-json\/wp\/v2\/formations\/134\/revisions\/21220"}],"wp:attachment":[{"href":"https:\/\/www.estran-brest.fr\/sup\/wp-json\/wp\/v2\/media?parent=134"}],"wp:term":[{"taxonomy":"category","embeddable":true,"href":"https:\/\/www.estran-brest.fr\/sup\/wp-json\/wp\/v2\/categories?post=134"},{"taxonomy":"cat-formations","embeddable":true,"href":"https:\/\/www.estran-brest.fr\/sup\/wp-json\/wp\/v2\/cat-formations?post=134"}],"curies":[{"name":"wp","href":"https:\/\/api.w.org\/{rel}","templated":true}]}}

<p></p>



<h2 class="wp-block-heading has-text-align-center"><sup>Le contenu de la</sup> <br>formation DE TISF</h2>



<div class="wp-block-columns is-layout-flex wp-container-core-columns-is-layout-9d6595d7 wp-block-columns-is-layout-flex">
<div class="wp-block-column is-layout-flow wp-block-column-is-layout-flow">
<figure class="wp-block-table is-style-stripes"><table><tbody><tr><td class="has-text-align-center" data-align="center" colspan="3"><strong>Enseignements théoriques</strong></td></tr><tr><td class="has-text-align-center" data-align="center">Bloc 1</td><td class="has-text-align-center" data-align="center">Contribuer à l&rsquo;accompagnement socio-éducatif dans une logique de parcours</td><td class="has-text-align-center" data-align="center">420 h</td></tr><tr><td class="has-text-align-center" data-align="center">Bloc 2</td><td class="has-text-align-center" data-align="center">Accompagner le(s) parent(s) ou futur(s) parent(s) dans l&rsquo;exercice de la fonction parentale</td><td class="has-text-align-center" data-align="center">380 h</td></tr><tr><td class="has-text-align-center" data-align="center">Bloc 3</td><td class="has-text-align-center" data-align="center">S&rsquo;inscrire dans un travail d&rsquo;équipe et partenarial pour assurer la continuité des accompagnements dans une logique de parcours</td><td class="has-text-align-center" data-align="center">150h</td></tr></tbody></table></figure>



<figure class="wp-block-image size-large"><img loading="lazy" decoding="async" width="1024" height="768" src="https://www.estran-brest.fr/sup/wp-content/uploads/sites/7/2024/11/IMG_3583-1-1024x768.jpeg" alt="" class="wp-image-20616" title="" srcset="https://www.estran-brest.fr/sup/wp-content/uploads/sites/7/2024/11/IMG_3583-1-1024x768.jpeg 1024w, https://www.estran-brest.fr/sup/wp-content/uploads/sites/7/2024/11/IMG_3583-1-300x225.jpeg 300w, https://www.estran-brest.fr/sup/wp-content/uploads/sites/7/2024/11/IMG_3583-1-768x576.jpeg 768w, https://www.estran-brest.fr/sup/wp-content/uploads/sites/7/2024/11/IMG_3583-1-1536x1152.jpeg 1536w, https://www.estran-brest.fr/sup/wp-content/uploads/sites/7/2024/11/IMG_3583-1-2048x1536.jpeg 2048w, https://www.estran-brest.fr/sup/wp-content/uploads/sites/7/2024/11/IMG_3583-1-600x450.jpeg 600w" sizes="auto, (max-width: 1024px) 100vw, 1024px" /></figure>



<figure class="wp-block-embed is-type-video is-provider-youtube wp-block-embed-youtube wp-embed-aspect-4-3 wp-has-aspect-ratio"><div class="wp-block-embed__wrapper">
<iframe loading="lazy" title="DE TISF - Technicien de l&#039;Intervention Sociale et Familiale" width="500" height="375" src="https://www.youtube.com/embed/iqAGu3lWbeo?list=PLjJZbwnu1r2feYjUYHVLMr0fb2OKp08E8" frameborder="0" allow="accelerometer; autoplay; clipboard-write; encrypted-media; gyroscope; picture-in-picture; web-share" referrerpolicy="strict-origin-when-cross-origin" allowfullscreen></iframe>
</div></figure>
</div>



<div class="wp-block-column is-layout-flow wp-block-column-is-layout-flow">
<figure class="wp-block-image size-large"><img loading="lazy" decoding="async" width="768" height="1024" src="https://www.estran-brest.fr/sup/wp-content/uploads/sites/7/2024/11/20230405_093846-2-768x1024.jpg" alt="" class="wp-image-20617" title="" srcset="https://www.estran-brest.fr/sup/wp-content/uploads/sites/7/2024/11/20230405_093846-2-768x1024.jpg 768w, https://www.estran-brest.fr/sup/wp-content/uploads/sites/7/2024/11/20230405_093846-2-225x300.jpg 225w, https://www.estran-brest.fr/sup/wp-content/uploads/sites/7/2024/11/20230405_093846-2-1152x1536.jpg 1152w, https://www.estran-brest.fr/sup/wp-content/uploads/sites/7/2024/11/20230405_093846-2-scaled.jpg 1920w" sizes="auto, (max-width: 768px) 100vw, 768px" /></figure>



<p>La formation DE TISF dure <strong>2 ans</strong> avec de nombreuses interventions d&rsquo;associations, de professionnels.</p>



<ul class="wp-block-list">
<li>950h de formation théorique</li>



<li>1050h de formation pratique</li>
</ul>



<p><strong>Alternance : </strong>33 semaines en centre de formation et 30 semaines de stage.</p>



<p>La formation DE TISF est accessible <strong>en formation initiale, en formation continue</strong> et <strong>par apprentissage</strong>. </p>



<p>Nos partenaires d&rsquo;apprentissage pour cette formation sont l’<a href="https://www.arfass.org/" target="_blank" rel="noopener">Arfass</a> et l&rsquo;<a href="https://www.arep29.fr/" target="_blank" rel="noopener">AREP29</a>.</p>



<div class="wp-block-columns is-layout-flex wp-container-core-columns-is-layout-9d6595d7 wp-block-columns-is-layout-flex">
<div class="wp-block-column is-layout-flow wp-block-column-is-layout-flow">
<figure class="wp-block-image size-large is-resized"><img loading="lazy" decoding="async" width="1024" height="183" src="https://www.estran-brest.fr/sup/wp-content/uploads/sites/7/2023/09/602a6db9b92f9_upload-removebg-preview-1024x183.png" alt="" class="wp-image-20443" style="width:190px;height:auto" title="" srcset="https://www.estran-brest.fr/sup/wp-content/uploads/sites/7/2023/09/602a6db9b92f9_upload-removebg-preview-1024x183.png 1024w, https://www.estran-brest.fr/sup/wp-content/uploads/sites/7/2023/09/602a6db9b92f9_upload-removebg-preview-300x54.png 300w, https://www.estran-brest.fr/sup/wp-content/uploads/sites/7/2023/09/602a6db9b92f9_upload-removebg-preview-768x137.png 768w, https://www.estran-brest.fr/sup/wp-content/uploads/sites/7/2023/09/602a6db9b92f9_upload-removebg-preview-600x107.png 600w, https://www.estran-brest.fr/sup/wp-content/uploads/sites/7/2023/09/602a6db9b92f9_upload-removebg-preview.png 1181w" sizes="auto, (max-width: 1024px) 100vw, 1024px" /></figure>
</div>



<div class="wp-block-column is-layout-flow wp-block-column-is-layout-flow">
<figure class="wp-block-image size-full is-resized"><img loading="lazy" decoding="async" width="268" height="123" src="https://www.estran-brest.fr/sup/wp-content/uploads/sites/7/2023/09/Logo-ARFASS.png" alt="" class="wp-image-20039" style="width:163px;height:auto" title=""></figure>
</div>
</div>
</div>
</div>

<p>Cette formation professionnelle prépare les étudiants à travailler auprès des familles en difficulté. Cette formation leur enseigne les différentes techniques d&rsquo;intervention sociale pour accompagner les familles dans leurs problématiques quotidiennes. </p>
