{"id":393,"date":"2023-09-29T10:17:08","date_gmt":"2023-09-29T08:17:08","guid":{"rendered":"https:\/\/www.estran-brest.fr\/sup\/?post_type=formations&#038;p=393"},"modified":"2025-11-14T15:32:37","modified_gmt":"2025-11-14T14:32:37","slug":"bts-mhr","status":"publish","type":"formations","link":"https:\/\/www.estran-brest.fr\/sup\/formation\/bts-mhr\/","title":{"rendered":"BTS MHR"},"content":{"rendered":"\n<h2 class=\"wp-block-heading has-text-align-center\"><sup>La<\/sup><br>formation BTS MHR<\/h2>\n\n\n\n<p><strong>Option A \u2013 Management d\u2019une unit\u00e9 de restauration<br>Option B \u2013 Management d\u2019une unit\u00e9 de production culinaire<\/strong><\/p>\n\n\n\n<p>Le titulaire d\u2019un Brevet de Technicien Sup\u00e9rieur Management en H\u00f4tellerie Restauration (BTS MHR) intervient dans le <strong>secteur de l\u2019h\u00f4tellerie<\/strong>, <strong>de la restauration<\/strong> et des<strong> activit\u00e9s de loisirs<\/strong> pour produire des services et encadrer des \u00e9quipes.<\/p>\n\n\n\n<p>Selon l\u2019option du BTS, il r\u00e9alise des activit\u00e9s dans les domaines de la restauration, de la production culinaire dans le respect de la r\u00e9glementation en vigueur en prenant en compte l\u2019environnement \u00e9conomique et juridique. <\/p>\n\n\n\n<p>Il a vocation \u00e0<strong> encadrer des \u00e9quipes apr\u00e8s quelques ann\u00e9es d\u2019exp\u00e9rience<\/strong>, de<strong> cr\u00e9er ou de reprendre une entreprise dans son domaine<\/strong> ou de <strong>prendre plus de responsabilit\u00e9s dans son organisation<\/strong>.<\/p>\n\n\n\n<div class=\"wp-block-buttons is-layout-flex wp-block-buttons-is-layout-flex\">\n<div class=\"wp-block-button\"><a class=\"wp-block-button__link wp-element-button\" href=\"https:\/\/www.estran-brest.fr\/sup\/wp-content\/uploads\/sites\/7\/2024\/11\/Plaquette-BTS-MHR.pdf\">T\u00e9l\u00e9charger la plaquette<\/a><\/div>\n<\/div>\n\n\n\n<div style=\"height:37px\" aria-hidden=\"true\" class=\"wp-block-spacer\"><\/div>\n\n\n\n<div class=\"wp-block-columns is-layout-flex wp-container-core-columns-is-layout-9d6595d7 wp-block-columns-is-layout-flex\">\n<div class=\"wp-block-column is-layout-flow wp-block-column-is-layout-flow\">\n<figure class=\"wp-block-table is-style-stripes\"><table><tbody><tr><td colspan=\"3\"><strong>Les enseignements g\u00e9n\u00e9raux<\/strong><\/td><\/tr><tr><td><\/td><td class=\"has-text-align-center\" data-align=\"center\"><strong>BTS 1<\/strong><\/td><td class=\"has-text-align-center\" data-align=\"center\"><strong>BTS 2<\/strong><\/td><\/tr><tr><td>Communication et expression fran\u00e7aise<\/td><td class=\"has-text-align-center\" data-align=\"center\">2h<\/td><td class=\"has-text-align-center\" data-align=\"center\">2h30<\/td><\/tr><tr><td>Langue vivante 1<\/td><td class=\"has-text-align-center\" data-align=\"center\">2h30<\/td><td class=\"has-text-align-center\" data-align=\"center\">2h30<\/td><\/tr><tr><td>Langue vivante 2<\/td><td class=\"has-text-align-center\" data-align=\"center\">2h30<\/td><td class=\"has-text-align-center\" data-align=\"center\">2h30<\/td><\/tr><tr><td>Entreprenariat et pilotage entreprise h\u00f4teli\u00e8re (EPEH)<\/td><td class=\"has-text-align-center\" data-align=\"center\">7h30<\/td><td class=\"has-text-align-center\" data-align=\"center\">7h<\/td><\/tr><tr><td>Conduite de projet entreprenariat<\/td><td class=\"has-text-align-center\" data-align=\"center\">&#8211;<\/td><td class=\"has-text-align-center\" data-align=\"center\">1h30<\/td><\/tr><tr><td>Management de l\u2019entreprise h\u00f4teli\u00e8re et mercatique de services (MEHMS)<\/td><td class=\"has-text-align-center\" data-align=\"center\">6h<\/td><td class=\"has-text-align-center\" data-align=\"center\">4h30<\/td><\/tr><\/tbody><\/table><\/figure>\n\n\n\n<div style=\"height:22px\" aria-hidden=\"true\" class=\"wp-block-spacer\"><\/div>\n\n\n\n<h4 class=\"wp-block-heading\">R\u00e9partition des enseignements<\/h4>\n\n\n\n<p>Formation en alternance sur 2 ans&nbsp;: 2 semaines en centre de formation et 2 semaines en entreprise.&nbsp;<\/p>\n\n\n\n<div class=\"wp-block-group is-nowrap is-layout-flex wp-container-core-group-is-layout-ad2f72ca wp-block-group-is-layout-flex\">\n<p class=\"has-yellow-color has-text-color has-x-large-font-size\">40%<\/p>\n\n\n\n<div style=\"height:100px;width:36px\" aria-hidden=\"true\" class=\"wp-block-spacer wp-container-content-7d115344\"><\/div>\n\n\n\n<p>en centre de<br>formation<\/p>\n<\/div>\n\n\n\n<div class=\"wp-block-group is-nowrap is-layout-flex wp-container-core-group-is-layout-ad2f72ca wp-block-group-is-layout-flex\">\n<p class=\"has-yellow-color has-text-color has-x-large-font-size\">60%<\/p>\n\n\n\n<div style=\"height:100px;width:0px\" aria-hidden=\"true\" class=\"wp-block-spacer wp-container-content-7d115344\"><\/div>\n\n\n\n<p>en entreprise <br><\/p>\n<\/div>\n\n\n\n<figure class=\"wp-block-image size-large is-resized\"><img loading=\"lazy\" decoding=\"async\" width=\"1024\" height=\"683\" src=\"https:\/\/www.estran-brest.fr\/sup\/wp-content\/uploads\/sites\/7\/2023\/09\/Fen-29-1024x683.jpg\" alt=\"\" class=\"wp-image-19986\" style=\"aspect-ratio:16\/9;object-fit:cover;width:414px;height:undefinedpx\" title=\"\" srcset=\"https:\/\/www.estran-brest.fr\/sup\/wp-content\/uploads\/sites\/7\/2023\/09\/Fen-29-1024x683.jpg 1024w, https:\/\/www.estran-brest.fr\/sup\/wp-content\/uploads\/sites\/7\/2023\/09\/Fen-29-300x200.jpg 300w, https:\/\/www.estran-brest.fr\/sup\/wp-content\/uploads\/sites\/7\/2023\/09\/Fen-29-768x512.jpg 768w, https:\/\/www.estran-brest.fr\/sup\/wp-content\/uploads\/sites\/7\/2023\/09\/Fen-29-1536x1024.jpg 1536w, https:\/\/www.estran-brest.fr\/sup\/wp-content\/uploads\/sites\/7\/2023\/09\/Fen-29-2048x1365.jpg 2048w\" sizes=\"auto, (max-width: 1024px) 100vw, 1024px\" \/><\/figure>\n\n\n\n<figure class=\"wp-block-embed is-type-video is-provider-youtube wp-block-embed-youtube wp-embed-aspect-16-9 wp-has-aspect-ratio\"><div class=\"wp-block-embed__wrapper\">\n<iframe loading=\"lazy\" title=\"BTS MHR - Management en H\u00f4tellerie Restauration\" width=\"500\" height=\"281\" src=\"https:\/\/www.youtube.com\/embed\/zIxSLlSPJpE?feature=oembed\" frameborder=\"0\" allow=\"accelerometer; autoplay; clipboard-write; encrypted-media; gyroscope; picture-in-picture; web-share\" referrerpolicy=\"strict-origin-when-cross-origin\" allowfullscreen><\/iframe>\n<\/div><\/figure>\n<\/div>\n\n\n\n<div class=\"wp-block-column is-layout-flow wp-block-column-is-layout-flow\">\n<figure class=\"wp-block-table is-style-stripes blue\"><table><tbody><tr><td colspan=\"3\"><strong>LES ENSEIGNEMENTS TECHNIQUES ET PROFESSIONNELS<\/strong><\/td><\/tr><tr><td><\/td><td class=\"has-text-align-center\" data-align=\"center\"><strong>BTS 1<\/strong><\/td><td class=\"has-text-align-center\" data-align=\"center\"><strong>BTS 2<\/strong><\/td><\/tr><tr><td>Sciences en h\u00f4tellerie restauration (SHR)<\/td><td class=\"has-text-align-center\" data-align=\"center\">2h<\/td><td class=\"has-text-align-center\" data-align=\"center\">2h (B)<\/td><\/tr><tr><td>Ing\u00e9nierie en h\u00f4tellerie restauration<\/td><td class=\"has-text-align-center\" data-align=\"center\">1h<\/td><td class=\"has-text-align-center\" data-align=\"center\">&#8211;<\/td><\/tr><tr><td>Sommellerie et techniques de bar<\/td><td class=\"has-text-align-center\" data-align=\"center\">&#8211;<\/td><td class=\"has-text-align-center\" data-align=\"center\">2h (A)<\/td><\/tr><tr><td>Sciences et technologie culinaire (STC)<\/td><td class=\"has-text-align-center\" data-align=\"center\">3h<\/td><td class=\"has-text-align-center\" data-align=\"center\">9h30 (B)<\/td><\/tr><tr><td>Sciences et technologie des services de restauration (STSR)<\/td><td class=\"has-text-align-center\" data-align=\"center\">3h<\/td><td class=\"has-text-align-center\" data-align=\"center\">9h30 (A)<\/td><\/tr><tr><td>Sciences et technologies en h\u00e9bergement (STH)<\/td><td class=\"has-text-align-center\" data-align=\"center\">3h<\/td><td class=\"has-text-align-center\" data-align=\"center\">&#8211;<\/td><\/tr><tr><td>Activit\u00e9s encadr\u00e9es<\/td><td class=\"has-text-align-center\" data-align=\"center\">1h30 (A)<\/td><td class=\"has-text-align-center\" data-align=\"center\">2h<\/td><\/tr><tr><td>Suivi du livret d\u2019apprentissage<\/td><td class=\"has-text-align-center\" data-align=\"center\">1h<\/td><td class=\"has-text-align-center\" data-align=\"center\">1h<\/td><\/tr><tr><td>Pr\u00e9paration du temps de formation en entreprise et retour d\u2019exp\u00e9rience<\/td><td class=\"has-text-align-center\" data-align=\"center\">1h<\/td><td class=\"has-text-align-center\" data-align=\"center\">0h30<\/td><\/tr><tr><td>Individualisation<\/td><td class=\"has-text-align-center\" data-align=\"center\">0h30<\/td><td class=\"has-text-align-center\" data-align=\"center\">1h<\/td><\/tr><tr><td>Dossier projet entrepreneurial, dossier d\u2019activit\u00e9 en entreprise<\/td><td class=\"has-text-align-center\" data-align=\"center\">&#8211;<\/td><td class=\"has-text-align-center\" data-align=\"center\">0h30<\/td><\/tr><\/tbody><\/table><\/figure>\n\n\n\n<div style=\"height:26px\" aria-hidden=\"true\" class=\"wp-block-spacer\"><\/div>\n\n\n\n<p><strong>Autres modules inclus dans la formation avec possibilit\u00e9 d\u2019obtenir des certifications pris\u00e9es par les entreprises :<\/strong><br>\u2022 Plan de Ma\u00eetrise Sanitaire (PMS)<br>\u2022 Sauveteur Secouriste du Travail (SST)<\/p>\n\n\n\n<div style=\"height:39px\" aria-hidden=\"true\" class=\"wp-block-spacer\"><\/div>\n\n\n\n<div class=\"wp-block-columns is-layout-flex wp-container-core-columns-is-layout-9d6595d7 wp-block-columns-is-layout-flex\">\n<div class=\"wp-block-column is-layout-flow wp-block-column-is-layout-flow\">\n<figure class=\"wp-block-image size-full\"><img loading=\"lazy\" decoding=\"async\" width=\"393\" height=\"223\" src=\"https:\/\/www.estran-brest.fr\/sup\/wp-content\/uploads\/sites\/7\/2024\/01\/CFA-ECB-Qualiopi-Phrases-obligatoires.png\" alt=\"\" class=\"wp-image-20219\" title=\"\" srcset=\"https:\/\/www.estran-brest.fr\/sup\/wp-content\/uploads\/sites\/7\/2024\/01\/CFA-ECB-Qualiopi-Phrases-obligatoires.png 393w, https:\/\/www.estran-brest.fr\/sup\/wp-content\/uploads\/sites\/7\/2024\/01\/CFA-ECB-Qualiopi-Phrases-obligatoires-300x170.png 300w\" sizes=\"auto, (max-width: 393px) 100vw, 393px\" \/><\/figure>\n\n\n\n<div class=\"wp-block-buttons is-layout-flex wp-block-buttons-is-layout-flex\">\n<div class=\"wp-block-button\"><a class=\"wp-block-button__link wp-element-button\" href=\"https:\/\/www.estran-brest.fr\/sup\/infos-pratiques\/\">Nous contacter<\/a><\/div>\n<\/div>\n<\/div>\n<\/div>\n<\/div>\n<\/div>\n","protected":false},"excerpt":{"rendered":"<p>Cette formation permet d\u2019acqu\u00e9rir les comp\u00e9tences n\u00e9cessaires pour g\u00e9rer et animer un \u00e9tablissement h\u00f4telier ou de restauration. Les \u00e9tudiants suivent des cours th\u00e9oriques et pratiques dans des domaines tels que la gestion, la communication, le marketing, la cuisine et le service.<\/p>\n","protected":false},"author":5,"featured_media":0,"comment_status":"closed","ping_status":"closed","template":"","meta":{"_acf_changed":false,"inline_featured_image":false,"_monsterinsights_skip_tracking":false,"_monsterinsights_sitenote_active":false,"_monsterinsights_sitenote_note":"","_monsterinsights_sitenote_category":0,"_uf_show_specific_survey":0,"_uf_disable_surveys":false,"footnotes":""},"categories":[32,36],"cat-formations":[12],"class_list":["post-393","formations","type-formations","status-publish","hentry","category-bts-mhr","category-fenelon","cat-formations-management-en-hotellerie-restauration"],"acf":[],"_links":{"self":[{"href":"https:\/\/www.estran-brest.fr\/sup\/wp-json\/wp\/v2\/formations\/393","targetHints":{"allow":["GET"]}}],"collection":[{"href":"https:\/\/www.estran-brest.fr\/sup\/wp-json\/wp\/v2\/formations"}],"about":[{"href":"https:\/\/www.estran-brest.fr\/sup\/wp-json\/wp\/v2\/types\/formations"}],"author":[{"embeddable":true,"href":"https:\/\/www.estran-brest.fr\/sup\/wp-json\/wp\/v2\/users\/5"}],"replies":[{"embeddable":true,"href":"https:\/\/www.estran-brest.fr\/sup\/wp-json\/wp\/v2\/comments?post=393"}],"version-history":[{"count":117,"href":"https:\/\/www.estran-brest.fr\/sup\/wp-json\/wp\/v2\/formations\/393\/revisions"}],"predecessor-version":[{"id":21206,"href":"https:\/\/www.estran-brest.fr\/sup\/wp-json\/wp\/v2\/formations\/393\/revisions\/21206"}],"wp:attachment":[{"href":"https:\/\/www.estran-brest.fr\/sup\/wp-json\/wp\/v2\/media?parent=393"}],"wp:term":[{"taxonomy":"category","embeddable":true,"href":"https:\/\/www.estran-brest.fr\/sup\/wp-json\/wp\/v2\/categories?post=393"},{"taxonomy":"cat-formations","embeddable":true,"href":"https:\/\/www.estran-brest.fr\/sup\/wp-json\/wp\/v2\/cat-formations?post=393"}],"curies":[{"name":"wp","href":"https:\/\/api.w.org\/{rel}","templated":true}]}}

<h2 class="wp-block-heading has-text-align-center"><sup>La</sup><br>formation BTS MHR</h2>



<p><strong>Option A – Management d’une unité de restauration<br>Option B – Management d’une unité de production culinaire</strong></p>



<p>Le titulaire d’un Brevet de Technicien Supérieur Management en Hôtellerie Restauration (BTS MHR) intervient dans le <strong>secteur de l’hôtellerie</strong>, <strong>de la restauration</strong> et des<strong> activités de loisirs</strong> pour produire des services et encadrer des équipes.</p>



<p>Selon l’option du BTS, il réalise des activités dans les domaines de la restauration, de la production culinaire dans le respect de la réglementation en vigueur en prenant en compte l’environnement économique et juridique. </p>



<p>Il a vocation à<strong> encadrer des équipes après quelques années d’expérience</strong>, de<strong> créer ou de reprendre une entreprise dans son domaine</strong> ou de <strong>prendre plus de responsabilités dans son organisation</strong>.</p>



<div class="wp-block-buttons is-layout-flex wp-block-buttons-is-layout-flex">
<div class="wp-block-button"><a class="wp-block-button__link wp-element-button" href="https://www.estran-brest.fr/sup/wp-content/uploads/sites/7/2024/11/Plaquette-BTS-MHR.pdf">Télécharger la plaquette</a></div>
</div>



<div style="height:37px" aria-hidden="true" class="wp-block-spacer"></div>



<div class="wp-block-columns is-layout-flex wp-container-core-columns-is-layout-9d6595d7 wp-block-columns-is-layout-flex">
<div class="wp-block-column is-layout-flow wp-block-column-is-layout-flow">
<figure class="wp-block-table is-style-stripes"><table><tbody><tr><td colspan="3"><strong>Les enseignements généraux</strong></td></tr><tr><td></td><td class="has-text-align-center" data-align="center"><strong>BTS 1</strong></td><td class="has-text-align-center" data-align="center"><strong>BTS 2</strong></td></tr><tr><td>Communication et expression française</td><td class="has-text-align-center" data-align="center">2h</td><td class="has-text-align-center" data-align="center">2h30</td></tr><tr><td>Langue vivante 1</td><td class="has-text-align-center" data-align="center">2h30</td><td class="has-text-align-center" data-align="center">2h30</td></tr><tr><td>Langue vivante 2</td><td class="has-text-align-center" data-align="center">2h30</td><td class="has-text-align-center" data-align="center">2h30</td></tr><tr><td>Entreprenariat et pilotage entreprise hôtelière (EPEH)</td><td class="has-text-align-center" data-align="center">7h30</td><td class="has-text-align-center" data-align="center">7h</td></tr><tr><td>Conduite de projet entreprenariat</td><td class="has-text-align-center" data-align="center">&#8211;</td><td class="has-text-align-center" data-align="center">1h30</td></tr><tr><td>Management de l’entreprise hôtelière et mercatique de services (MEHMS)</td><td class="has-text-align-center" data-align="center">6h</td><td class="has-text-align-center" data-align="center">4h30</td></tr></tbody></table></figure>



<div style="height:22px" aria-hidden="true" class="wp-block-spacer"></div>



<h4 class="wp-block-heading">Répartition des enseignements</h4>



<p>Formation en alternance sur 2 ans&nbsp;: 2 semaines en centre de formation et 2 semaines en entreprise.&nbsp;</p>



<div class="wp-block-group is-nowrap is-layout-flex wp-container-core-group-is-layout-ad2f72ca wp-block-group-is-layout-flex">
<p class="has-yellow-color has-text-color has-x-large-font-size">40%</p>



<div style="height:100px;width:36px" aria-hidden="true" class="wp-block-spacer wp-container-content-7d115344"></div>



<p>en centre de<br>formation</p>
</div>



<div class="wp-block-group is-nowrap is-layout-flex wp-container-core-group-is-layout-ad2f72ca wp-block-group-is-layout-flex">
<p class="has-yellow-color has-text-color has-x-large-font-size">60%</p>



<div style="height:100px;width:0px" aria-hidden="true" class="wp-block-spacer wp-container-content-7d115344"></div>



<p>en entreprise <br></p>
</div>



<figure class="wp-block-image size-large is-resized"><img loading="lazy" decoding="async" width="1024" height="683" src="https://www.estran-brest.fr/sup/wp-content/uploads/sites/7/2023/09/Fen-29-1024x683.jpg" alt="" class="wp-image-19986" style="aspect-ratio:16/9;object-fit:cover;width:414px;height:undefinedpx" title="" srcset="https://www.estran-brest.fr/sup/wp-content/uploads/sites/7/2023/09/Fen-29-1024x683.jpg 1024w, https://www.estran-brest.fr/sup/wp-content/uploads/sites/7/2023/09/Fen-29-300x200.jpg 300w, https://www.estran-brest.fr/sup/wp-content/uploads/sites/7/2023/09/Fen-29-768x512.jpg 768w, https://www.estran-brest.fr/sup/wp-content/uploads/sites/7/2023/09/Fen-29-1536x1024.jpg 1536w, https://www.estran-brest.fr/sup/wp-content/uploads/sites/7/2023/09/Fen-29-2048x1365.jpg 2048w" sizes="auto, (max-width: 1024px) 100vw, 1024px" /></figure>



<figure class="wp-block-embed is-type-video is-provider-youtube wp-block-embed-youtube wp-embed-aspect-16-9 wp-has-aspect-ratio"><div class="wp-block-embed__wrapper">
<iframe loading="lazy" title="BTS MHR - Management en Hôtellerie Restauration" width="500" height="281" src="https://www.youtube.com/embed/zIxSLlSPJpE?feature=oembed" frameborder="0" allow="accelerometer; autoplay; clipboard-write; encrypted-media; gyroscope; picture-in-picture; web-share" referrerpolicy="strict-origin-when-cross-origin" allowfullscreen></iframe>
</div></figure>
</div>



<div class="wp-block-column is-layout-flow wp-block-column-is-layout-flow">
<figure class="wp-block-table is-style-stripes blue"><table><tbody><tr><td colspan="3"><strong>LES ENSEIGNEMENTS TECHNIQUES ET PROFESSIONNELS</strong></td></tr><tr><td></td><td class="has-text-align-center" data-align="center"><strong>BTS 1</strong></td><td class="has-text-align-center" data-align="center"><strong>BTS 2</strong></td></tr><tr><td>Sciences en hôtellerie restauration (SHR)</td><td class="has-text-align-center" data-align="center">2h</td><td class="has-text-align-center" data-align="center">2h (B)</td></tr><tr><td>Ingénierie en hôtellerie restauration</td><td class="has-text-align-center" data-align="center">1h</td><td class="has-text-align-center" data-align="center">&#8211;</td></tr><tr><td>Sommellerie et techniques de bar</td><td class="has-text-align-center" data-align="center">&#8211;</td><td class="has-text-align-center" data-align="center">2h (A)</td></tr><tr><td>Sciences et technologie culinaire (STC)</td><td class="has-text-align-center" data-align="center">3h</td><td class="has-text-align-center" data-align="center">9h30 (B)</td></tr><tr><td>Sciences et technologie des services de restauration (STSR)</td><td class="has-text-align-center" data-align="center">3h</td><td class="has-text-align-center" data-align="center">9h30 (A)</td></tr><tr><td>Sciences et technologies en hébergement (STH)</td><td class="has-text-align-center" data-align="center">3h</td><td class="has-text-align-center" data-align="center">&#8211;</td></tr><tr><td>Activités encadrées</td><td class="has-text-align-center" data-align="center">1h30 (A)</td><td class="has-text-align-center" data-align="center">2h</td></tr><tr><td>Suivi du livret d’apprentissage</td><td class="has-text-align-center" data-align="center">1h</td><td class="has-text-align-center" data-align="center">1h</td></tr><tr><td>Préparation du temps de formation en entreprise et retour d’expérience</td><td class="has-text-align-center" data-align="center">1h</td><td class="has-text-align-center" data-align="center">0h30</td></tr><tr><td>Individualisation</td><td class="has-text-align-center" data-align="center">0h30</td><td class="has-text-align-center" data-align="center">1h</td></tr><tr><td>Dossier projet entrepreneurial, dossier d’activité en entreprise</td><td class="has-text-align-center" data-align="center">&#8211;</td><td class="has-text-align-center" data-align="center">0h30</td></tr></tbody></table></figure>



<div style="height:26px" aria-hidden="true" class="wp-block-spacer"></div>



<p><strong>Autres modules inclus dans la formation avec possibilité d’obtenir des certifications prisées par les entreprises :</strong><br>• Plan de Maîtrise Sanitaire (PMS)<br>• Sauveteur Secouriste du Travail (SST)</p>



<div style="height:39px" aria-hidden="true" class="wp-block-spacer"></div>



<div class="wp-block-columns is-layout-flex wp-container-core-columns-is-layout-9d6595d7 wp-block-columns-is-layout-flex">
<div class="wp-block-column is-layout-flow wp-block-column-is-layout-flow">
<figure class="wp-block-image size-full"><img loading="lazy" decoding="async" width="393" height="223" src="https://www.estran-brest.fr/sup/wp-content/uploads/sites/7/2024/01/CFA-ECB-Qualiopi-Phrases-obligatoires.png" alt="" class="wp-image-20219" title="" srcset="https://www.estran-brest.fr/sup/wp-content/uploads/sites/7/2024/01/CFA-ECB-Qualiopi-Phrases-obligatoires.png 393w, https://www.estran-brest.fr/sup/wp-content/uploads/sites/7/2024/01/CFA-ECB-Qualiopi-Phrases-obligatoires-300x170.png 300w" sizes="auto, (max-width: 393px) 100vw, 393px" /></figure>



<div class="wp-block-buttons is-layout-flex wp-block-buttons-is-layout-flex">
<div class="wp-block-button"><a class="wp-block-button__link wp-element-button" href="https://www.estran-brest.fr/sup/infos-pratiques/">Nous contacter</a></div>
</div>
</div>
</div>
</div>
</div>

<p>Cette formation permet d’acquérir les compétences nécessaires pour gérer et animer un établissement hôtelier ou de restauration. Les étudiants suivent des cours théoriques et pratiques dans des domaines tels que la gestion, la communication, le marketing, la cuisine et le service.</p>
